{"id":1175,"date":"2017-07-10T01:19:17","date_gmt":"2017-07-10T01:19:17","guid":{"rendered":"https:\/\/weissewaende.at\/?page_id=1175"},"modified":"2017-07-10T21:26:34","modified_gmt":"2017-07-10T21:26:34","slug":"information","status":"publish","type":"page","link":"https:\/\/weissewaende.at\/?page_id=1175","title":{"rendered":"INFORMATION"},"content":{"rendered":"<p><a href=\"https:\/\/weissewaende.at\/wp-content\/uploads\/2017\/07\/2015_severin_koller_2.jpg\"><img loading=\"lazy\" decoding=\"async\" class=\"alignleft size-full wp-image-1179\" src=\"https:\/\/weissewaende.at\/wp-content\/uploads\/2017\/07\/2015_severin_koller_2.jpg\" alt=\"\" width=\"550\" height=\"355\" srcset=\"https:\/\/weissewaende.at\/wp-content\/uploads\/2017\/07\/2015_severin_koller_2.jpg 550w, https:\/\/weissewaende.at\/wp-content\/uploads\/2017\/07\/2015_severin_koller_2-300x194.jpg 300w\" sizes=\"auto, (max-width: 550px) 100vw, 550px\" \/><\/a>Gitarre &#8211; Karl Ritter<br \/>\nSchlagzeug &#8211; Herbert Pirker<br \/>\nStimmen &#8211; Christian Reiner<\/p>\n<p>WEISSE WAENDE. Verflieste W\u00e4nde in Operationss\u00e4len, Gummiw\u00e4nde in der Nervenheilanstalt, steril ausgemalte W\u00e4nde in Wohnungen und B\u00fcros, gesichtslose Fassaden \u2013 aber immer zugleich die M\u00f6glichkeit, dieses grelle, leere, inhaltslose Wei\u00df zu beschriften, betexten, mit Graffiti oder einem Jahrhundertroman zu beschmieren, Musikst\u00fccke darauf zu komponieren, es als Kreativfl\u00e4che zu ben\u00fctzen, bis die Beamten beschlie\u00dfen, es wieder \u00fcbermalen zu lassen. Und damit neue WEISSE WAENDE entstehen lassen.<\/p>\n<p>Das Projekt WEISSE WAENDE, dessen erste CD nicht umsonst den Titel \u201eNur f\u00fcr kurze Zeit\u201c tr\u00e4gt, zelebriert die hohe Kunst der Improvisation, ohne sich dabei in Free-Jazz oder Pure-Noise-Selbstbefriedigung zu verlieren. Fertige St\u00fccke finden sich nur auf Tontr\u00e4gern, die Konzerte aber sind jedes f\u00fcr sich ein Neubeginn.<\/p>\n<p>Peter Hiess<\/p>\n<p>&nbsp;<\/p>\n<p>&#8220;Weisse W\u00e4nde aus Wien waren die kleine Sensation schlechthin&#8221;<br \/>\n&#8220;Man weiss tats\u00e4chlich nicht genau, was es war, aber es war fantastisch.&#8221;<br \/>\n(<a title=\"&quot;Wir k\u00f6nnen keine Zugabe spielen&quot; von Jonas Wydler, August 2011 Kulturteil - Der Blog des Kulturmagazins \" href=\"http:\/\/www.kulturteil.ch\/2011\/%c2%abwir-konnen-keine-zugabe-spielen%c2%bb\/#more-9660\" target=\"_blank\">Kulturteil &#8211; Kulturmagazin, 26.08.2011<\/a>)<\/p>\n<p>&#8220;Alles blieb fliessend in dieser Performance, die durch dynamisches Geschick und musikalische Hingabe ebenso \u00fcberzeugte wie durch den theatralischen Witz.&#8221;<br \/>\n(<a title=\"&quot;Abenteuer an der Peripherie - Hochstehende und kontroverse Konzerte am Jazzfestival Willisau 2011&quot; von Ueli Bernays, August 2011 Neue Z\u00fcrcher Zeitung \" href=\"http:\/\/www.nzz.ch\/nachrichten\/kultur\/pop_und_jazz\/abenteuer_an_der_peripherie_1.12228355.html\" target=\"_blank\">Neue Z\u00fcrcher Zeitung, 30.08.2011<\/a>)<\/p>\n<p>&#8220;Die \u00dcberraschung kam auf leisen F\u00fcssen. Weisse W\u00e4nde aus Wien er\u00f6ffneten den Abend<br \/>\nmit einem aberwitzigen, energiegeladenen, kurzweiligen, flinken Set zwischen Freejazz, Spoken Word und Minimalrock.&#8221;<br \/>\n(<a title=\"&quot;Weisse W\u00e4nde klingen gut&quot; von Christian Pauli , August 2011 Der Bund \" href=\"http:\/\/newsnetz-blog.ch\/kulturstattbern\/blog\/2011\/08\/27\/weisse-wande-klingen-gut\/\" target=\"_blank\">Der Bund, 27.08.2011<\/a>)<\/p>\n<p>&#8220;Eine echte Supergroup made in Austria. &#8230;<br \/>\nPop, Rock, Soul, Spontan-Literatur. Intensiv, zwingend, spontan, mit Refrain-Melodien, f\u00fcr die manche ihre Seele verkaufen w\u00fcrden. Genial, sag ich.&#8221;<br \/>\n(Andreas Russ, Kurier, 25.06.09)<\/p>\n<p>&nbsp;<\/p>\n<p><a href=\"https:\/\/weissewaende.at\/?p=551\"><strong>[UEBER FREI ERFUNDEN]<\/strong><\/a><\/p>\n","protected":false},"excerpt":{"rendered":"<p>Gitarre &#8211; Karl Ritter Schlagzeug &#8211; Herbert Pirker Stimmen &#8211; Christian Reiner WEISSE WAENDE. Verflieste W\u00e4nde in Operationss\u00e4len, Gummiw\u00e4nde in der Nervenheilanstalt, steril ausgemalte W\u00e4nde in Wohnungen und B\u00fcros, gesichtslose Fassaden \u2013 aber immer zugleich die M\u00f6glichkeit, dieses grelle, leere, inhaltslose Wei\u00df zu beschriften, betexten, mit Graffiti oder einem Jahrhundertroman zu beschmieren, Musikst\u00fccke darauf zu &hellip; <\/p>\n<p class=\"link-more\"><a href=\"https:\/\/weissewaende.at\/?page_id=1175\" class=\"more-link\">Continue reading<span class=\"screen-reader-text\"> &#8220;INFORMATION&#8221;<\/span><\/a><\/p>\n","protected":false},"author":2,"featured_media":0,"parent":0,"menu_order":0,"comment_status":"closed","ping_status":"closed","template":"","meta":{"footnotes":""},"class_list":["post-1175","page","type-page","status-publish","hentry"],"_links":{"self":[{"href":"https:\/\/weissewaende.at\/index.php?rest_route=\/wp\/v2\/pages\/1175","targetHints":{"allow":["GET"]}}],"collection":[{"href":"https:\/\/weissewaende.at\/index.php?rest_route=\/wp\/v2\/pages"}],"about":[{"href":"https:\/\/weissewaende.at\/index.php?rest_route=\/wp\/v2\/types\/page"}],"author":[{"embeddable":true,"href":"https:\/\/weissewaende.at\/index.php?rest_route=\/wp\/v2\/users\/2"}],"replies":[{"embeddable":true,"href":"https:\/\/weissewaende.at\/index.php?rest_route=%2Fwp%2Fv2%2Fcomments&post=1175"}],"version-history":[{"count":13,"href":"https:\/\/weissewaende.at\/index.php?rest_route=\/wp\/v2\/pages\/1175\/revisions"}],"predecessor-version":[{"id":1198,"href":"https:\/\/weissewaende.at\/index.php?rest_route=\/wp\/v2\/pages\/1175\/revisions\/1198"}],"wp:attachment":[{"href":"https:\/\/weissewaende.at\/index.php?rest_route=%2Fwp%2Fv2%2Fmedia&parent=1175"}],"curies":[{"name":"wp","href":"https:\/\/api.w.org\/{rel}","templated":true}]}}

<p><a href="https://weissewaende.at/wp-content/uploads/2017/07/2015_severin_koller_2.jpg"><img loading="lazy" decoding="async" class="alignleft size-full wp-image-1179" src="https://weissewaende.at/wp-content/uploads/2017/07/2015_severin_koller_2.jpg" alt="" width="550" height="355" srcset="https://weissewaende.at/wp-content/uploads/2017/07/2015_severin_koller_2.jpg 550w, https://weissewaende.at/wp-content/uploads/2017/07/2015_severin_koller_2-300x194.jpg 300w" sizes="auto, (max-width: 550px) 100vw, 550px" /></a>Gitarre &#8211; Karl Ritter<br />
Schlagzeug &#8211; Herbert Pirker<br />
Stimmen &#8211; Christian Reiner</p>
<p>WEISSE WAENDE. Verflieste Wände in Operationssälen, Gummiwände in der Nervenheilanstalt, steril ausgemalte Wände in Wohnungen und Büros, gesichtslose Fassaden – aber immer zugleich die Möglichkeit, dieses grelle, leere, inhaltslose Weiß zu beschriften, betexten, mit Graffiti oder einem Jahrhundertroman zu beschmieren, Musikstücke darauf zu komponieren, es als Kreativfläche zu benützen, bis die Beamten beschließen, es wieder übermalen zu lassen. Und damit neue WEISSE WAENDE entstehen lassen.</p>
<p>Das Projekt WEISSE WAENDE, dessen erste CD nicht umsonst den Titel „Nur für kurze Zeit“ trägt, zelebriert die hohe Kunst der Improvisation, ohne sich dabei in Free-Jazz oder Pure-Noise-Selbstbefriedigung zu verlieren. Fertige Stücke finden sich nur auf Tonträgern, die Konzerte aber sind jedes für sich ein Neubeginn.</p>
<p>Peter Hiess</p>
<p>&nbsp;</p>
<p>&#8220;Weisse Wände aus Wien waren die kleine Sensation schlechthin&#8221;<br />
&#8220;Man weiss tatsächlich nicht genau, was es war, aber es war fantastisch.&#8221;<br />
(<a title="&quot;Wir können keine Zugabe spielen&quot; von Jonas Wydler, August 2011 Kulturteil - Der Blog des Kulturmagazins " href="http://www.kulturteil.ch/2011/%c2%abwir-konnen-keine-zugabe-spielen%c2%bb/#more-9660" target="_blank">Kulturteil &#8211; Kulturmagazin, 26.08.2011</a>)</p>
<p>&#8220;Alles blieb fliessend in dieser Performance, die durch dynamisches Geschick und musikalische Hingabe ebenso überzeugte wie durch den theatralischen Witz.&#8221;<br />
(<a title="&quot;Abenteuer an der Peripherie - Hochstehende und kontroverse Konzerte am Jazzfestival Willisau 2011&quot; von Ueli Bernays, August 2011 Neue Zürcher Zeitung " href="http://www.nzz.ch/nachrichten/kultur/pop_und_jazz/abenteuer_an_der_peripherie_1.12228355.html" target="_blank">Neue Zürcher Zeitung, 30.08.2011</a>)</p>
<p>&#8220;Die Überraschung kam auf leisen Füssen. Weisse Wände aus Wien eröffneten den Abend<br />
mit einem aberwitzigen, energiegeladenen, kurzweiligen, flinken Set zwischen Freejazz, Spoken Word und Minimalrock.&#8221;<br />
(<a title="&quot;Weisse Wände klingen gut&quot; von Christian Pauli , August 2011 Der Bund " href="http://newsnetz-blog.ch/kulturstattbern/blog/2011/08/27/weisse-wande-klingen-gut/" target="_blank">Der Bund, 27.08.2011</a>)</p>
<p>&#8220;Eine echte Supergroup made in Austria. &#8230;<br />
Pop, Rock, Soul, Spontan-Literatur. Intensiv, zwingend, spontan, mit Refrain-Melodien, für die manche ihre Seele verkaufen würden. Genial, sag ich.&#8221;<br />
(Andreas Russ, Kurier, 25.06.09)</p>
<p>&nbsp;</p>
<p><a href="https://weissewaende.at/?p=551"><strong>[UEBER FREI ERFUNDEN]</strong></a></p>

<p>Gitarre &#8211; Karl Ritter Schlagzeug &#8211; Herbert Pirker Stimmen &#8211; Christian Reiner WEISSE WAENDE. Verflieste Wände in Operationssälen, Gummiwände in der Nervenheilanstalt, steril ausgemalte Wände in Wohnungen und Büros, gesichtslose Fassaden – aber immer zugleich die Möglichkeit, dieses grelle, leere, inhaltslose Weiß zu beschriften, betexten, mit Graffiti oder einem Jahrhundertroman zu beschmieren, Musikstücke darauf zu &hellip; </p>
<p class="link-more"><a href="https://weissewaende.at/?page_id=1175" class="more-link">Continue reading<span class="screen-reader-text"> &#8220;INFORMATION&#8221;</span></a></p>
